uppose 7*b - 20*d = -15*d + 33501, -3*d = 2*b - 9554. List the prime factors of b.
4783
Let r be -5*(6/(-10) - 1). Let w(x) = -2*x + 5. Let g(a) = 3*a - 6. Let v(z) = 5*g(z) + 4*w(z). List the prime factors of v(r).
2, 23
Let p be (-9)/(-6)*8/(-3). Let c = p + 9. Suppose -57 = -c*g + 8. List the prime factors of g.
13
Suppose -14*j + 6 = -12*j. List the prime factors of (4 + -5 - j) + 21.
17
Let i(r) = -18. Let k(h) = -h. Let y(t) = -i(t) + 4*k(t). List the prime factors of y(-10).
2, 29
Let b(n) = -2*n**3 + 3*n + 3. Let a be b(-2). Let g = -13 + a. List the prime factors of g/4*1 + 11.
11
Let o = -27 + 28. Suppose -o = 3*t - 40. List the prime factors of t.
13
List the prime factors of (57/9)/((-21)/(-819)).
13, 19
What are the prime factors of (-38)/(-323) - (-13411)/17?
3, 263
Suppose -8 = 2*m - 2. Let y(t) = -22*t - 5. List the prime factors of y(m).
61
Suppose 5090 = 3*w + 2081. List the prime factors of w.
17, 59
Let d = 2935 - 1921. What are the prime factors of d?
2, 3, 13
What are the prime factors of 6/(-30) + (-1286)/(-5)?
257
Suppose 4*u + 2*r + 4 = 0, 3*u + 2*r = -6 + 2. Suppose -17*y = -u*y - 1700. What are the prime factors of y?
2, 5
Suppose -2*j = -149 + 9. Suppose 5*x = -5*w + 415, -j + 401 = 4*w + 3*x. Suppose -o - o = -w. List the prime factors of o.
41
Suppose 5*k = 3*z - 253, 4*z - 37 - 17 = k. What are the prime factors of -12*(k/6 - (1 - 2))?
2, 11
Suppose 99 = -22*y + 21*y. Let q = 167 + y. List the prime factors of q.
2, 17
Suppose 2*p + 5*q - 939 = -200, 3*p - 3*q = 1077. List the prime factors of p.
2, 181
Let z(l) = 3*l**2 - 2*l - 4. Let j be z(3). Let i = j - 11. What are the prime factors of (-3 - -2*2)*i?
2, 3
Suppose 3*i - 50*q + 54*q = 6151, 3*i - 2*q - 6127 = 0. What are the prime factors of i?
5, 409
Let z(i) = 6*i**2 + 12*i - 37. List the prime factors of z(8).
443
What are the prime factors of 2/(-4)*64464/(-34)?
2, 3, 79
Suppose 4*t - 25 = -9. Suppose -4*i = -k - 2*k + 143, t*i - 62 = -2*k. What are the prime factors of k?
41
Let y(b) = 30*b**2 + b + 2. Let d be y(-2). Suppose 12*h = 16*h - d. What are the prime factors of h?
2, 3, 5
Let p(j) be the third derivative of -j**4/6 + j**3/2 + j**2. Let x = -80 + 78. List the prime factors of p(x).
11
Suppose 12*b = 8*b - 16, -b - 3873 = -j. What are the prime factors of j?
53, 73
Let n be -2 + -185 + (0 - -2). Let y be n/(-65) - (-2)/13. Suppose 4*o - 18 = -y*z, 13 = z - 5*o + 4*o. What are the prime factors of z?
2, 5
Let y(b) = 103*b**2 - 10*b + 24. List the prime factors of y(3).
3, 307
Suppose 3*i + 2*l - 2577 = 0, -549 - 310 = -i - 5*l. What are the prime factors of i?
859
Suppose 2 + 2 = 2*p. Let u be (6/8)/(p/8). Suppose 4*q - 3*w - 56 = 0, 49 - 7 = u*q - w. List the prime factors of q.
2, 7
Let y(s) = -s - 4. Let p be y(-2). What are the prime factors of (52/(-39))/(p/114)?
2, 19
Let r(p) be the third derivative of p**4/8 - 2*p**3/3 - 2*p**2. Let t(i) = -i - 3. Let l be t(-9). What are the prime factors of r(l)?
2, 7
Let r = -265 - -474. Suppose -3*a + r = 2*t, -3*a + 8 = -1. What are the prime factors of t?
2, 5
Suppose 5*w = 3*n - 927, 3*n + n - 565 = 3*w. Let f = w + 90. Let y = f + 138. List the prime factors of y.
3, 5
Suppose -11*h - 12060 = -29*h. What are the prime factors of h?
2, 5, 67
Let j = 88 + -87. Let t(g) = 151*g**2 + 8*g - 7. What are the prime factors of t(j)?
2, 19
Suppose -3*l + 350 = 4*l. Suppose 45*c - l*c + 40 = 0. Let k(b) = -b**3 + 8*b**2 + 4*b + 1. What are the prime factors of k(c)?
3, 11
Let y = 15 - 15. Suppose -2*z + 16 = a + 2*a, y = -5*a + 3*z + 14. Let l = 4 + a. List the prime factors of l.
2
Suppose 310 + 385 = 5*a. List the prime factors of a.
139
Let b(y) = 26*y**3 - 3*y**2 + 3*y - 3. List the prime factors of b(2).
199
Suppose -3*u + 114 = 6*s - 3*s, 5*s + 4*u = 192. List the prime factors of 10/(-4)*(-176)/s.
11
Let k(j) = j**3 - j**2 - 3*j + 1. Let s be k(2). What are the prime factors of ((-135)/(-30))/(s/(-42))?
3, 7
Let t be 3/(-3) - (-9)/1. Let k(l) = l + 4. Let v be k(0). Suppose 0 = i - v*x - 31, -3*x = -3*i - t*x + 42. List the prime factors of i.
19
Suppose 0 = -w - 3*w + 1280. List the prime factors of w.
2, 5
Let o = -27 + 30. Suppose -o*y + 337 = -407. Suppose -3*s = -0*s + 6, y = 4*t - 4*s. What are the prime factors of t?
2, 3, 5
Let b(d) = -8*d - 6. Let x(n) = -n**2 - n + 7. Let g be x(3). List the prime factors of b(g).
2, 17
Suppose -4*p + 5*f = -1544 + 300, -p + 302 = f. What are the prime factors of p?
2, 3, 17
Let s be 2*(-1)/(-7) - 3432/56. Let t = -47 - s. What are the prime factors of t?
2, 7
Suppose 987*l - 976*l = 29293. List the prime factors of l.
2663
Let u = -5 - -8. Let y be (-12)/(u/1) - 2. What are the prime factors of 3/y*(-120)/3?
2, 5
Suppose -22*x + 9490 = -9*x. What are the prime factors of x?
2, 5, 73
Let r be (-30)/(-75) - 16/(-10). Let p(j) be the second derivative of 2*j**3 - j. List the prime factors of p(r).
2, 3
Let t(a) = 25*a - 82. List the prime factors of t(18).
2, 23
Suppose 11*y - 674 = 217. What are the prime factors of y?
3
Let p(s) = -67*s - 29. List the prime factors of p(-6).
373
Suppose t + 24*n - 20*n - 3242 = 0, -5*n = 3*t - 9691. List the prime factors of t.
2, 3, 179
Let m = 40 - 29. Let d = -8 - -2. Let w = m + d. What are the prime factors of w?
5
Let f(x) = 2*x - 11. Let l be f(9). Let c = 12 + -10. Suppose j - u - 4 - l = 0, c*j + u = 37. What are the prime factors of j?
2
Let i be (-34)/((-9)/3 - -2). Suppose i = 4*c - 10. Suppose c = 4*v + m, -3*v + 5*m + 14 = -0*m. What are the prime factors of v?
3
Suppose -13*n - 12 = 14. What are the prime factors of -12*(120/(-9) - n)?
2, 17
What are the prime factors of 150852/87 - 166/(-2407)?
2, 3, 17
Let l = 1029 + 607. What are the prime factors of l?
2, 409
Let p(h) = -4*h - 8. Let g be p(-3). Let w be (-1530)/(-40) + (-1)/g. Let f = -1 + w. What are the prime factors of f?
37
Suppose 0 = 5*j - 0*j - 1255. Let o(y) = -y**3 + 8*y**2 - 8*y - 30. Let s be o(5). Suppose -s*z - 36 + j = 0. List the prime factors of z.
43
Let x = -129 - -61. Let g = 126 + x. List the prime factors of g.
2, 29
Suppose h + 188 = -2*h - 5*n, -3*h - 233 = -4*n. Let a = h + 124. List the prime factors of a.
53
Let f = 54 - -1878. Suppose 11*y - f = -799. List the prime factors of y.
103
Let n(h) = -h**3 - 8*h**2 - 7*h + 4. Let b = -19 - -12. Let w be n(b). Suppose k - w*k + 117 = z, 2*z = -3*k + 117. What are the prime factors of k?
3, 13
Let l = -2 - -6. Let f(t) = -3*t - 2. Let i be f(-1). What are the prime factors of i + (l - 2) - -34?
37
Suppose 5*i - 24 = 3*s + 1, -2*i + 26 = 2*s. Suppose i = 3*b - 4. Suppose -b*q = -5*w - 0*w - 100, 2*w - 68 = -2*q. What are the prime factors of q?
2, 3, 5
Let f = -6 + 8. What are the prime factors of (-4566)/(-42) - (-2)/7 - f?
107
Suppose 5*g = -4*o + 8758, -8750 = 9*o - 13*o - g. What are the prime factors of o?
3
List the prime factors of (-6)/24 + (-7037)/(-4).
1759
Suppose 11*b = 16*b - 125. Suppose b = 4*g - 175. What are the prime factors of g?
2, 5
What are the prime factors of 182/(-35) + 5 + (-2732)/(-10)?
3, 7, 13
List the prime factors of ((-87)/(-58))/(1/(-640)*-1).
2, 3, 5
What are the prime factors of 1088/(-2448) - (1732/(-9) + 1)?
191
Let u(t) = -8*t - 2. Let c be u(-6). Suppose 4*n - c = -v, -v - 184 = -5*v + 4*n. Suppose o = v - 9. What are the prime factors of o?
37
Let w be (48/20)/((-6)/(-140)). Let q be (-1)/(-7) + (-120)/w. List the prime factors of q/(-4) - 474/(-12).
2, 5
Let n be (19 - 21)/(4/(-382)). Let m = n - 119. Let l = 114 - m. What are the prime factors of l?
2, 3, 7
Suppose 0 = -8*v + 3*v. Suppose v = -3*x - 3*x + 180. List the prime factors of x.
2, 3, 5
List the prime factors of -4 + 15/((-75)/(-3910)).
2, 389
List the prime factors of -5 - -428*(-209)/(-22).
31, 131
Suppose -5*o + 259 = 2*o. Let n = 14 + o. What are the prime factors of n?
3, 17
Let o = -288 - -428. What are the prime factors of o?
2, 5, 7
Suppose 638 = -9*k + 3347. What are the prime factors of k?
7, 43
Suppose 0 = 2*h - 5*h. Let a be h*(1 + 6/(-3)). Suppose a = -g + 2*z + 12, -2*g - 3*g + 15 = -z. What are the prime factors of g?
2
Let b(p) = -2*p**2 + p. Let l be (-8)/(-10)*(-75)/(-30). Let i be b(l). What are the prime factors of (-756)/(-15) - i/(-15)?
2, 5
Let q = -192 - -45